e 5 = -3*l - q, 6*q = -5*l + 3*q - 7. Calculate the remainder when b(l) is divided by 12.
8
Suppose 23*p = 27*p - f - 24, 4*f = -3*p + 56. Calculate the remainder when 844 is divided by p.
4
What is the remainder when 337 is divided by ((-108)/(-567)*14)/(-2*(-2)/48)?
17
Suppose -53*b = -101*b - 148*b + 6664. Calculate the remainder when 3461 is divided by b.
27
Let v(i) = 48*i - 664. Calculate the remainder when 2686 is divided by v(15).
54
Let x = -143 + 146. What is the remainder when 56 is divided by 45 - (x + (-3)/(-3))?
15
Suppose 7 = -h + 5*c, -5*h + 19 = 4*c - 2*c. Let q(j) = 0 + 18 + j - 10 - 9 + 5*j. Calculate the remainder when 44 is divided by q(h).
10
Let o = -4 - -9. Suppose -o*y = -4*z - 389, y - 2*z - 156 = -y. Suppose -9*n + 103 + y = 0. Calculate the remainder when n is divided by 13.
7
Let y(n) = -38*n + 2. Let h be y(1). Let a = h - -42. Calculate the remainder when 57 - (a - 4 - 4) is divided by 20.
19
Suppose 5*q + 8 = 23. Suppose -q*t = -3*c + 6*c - 51, 4*t = 2*c + 44. Calculate the remainder when 89 is divided by t.
11
Let i = 30303 - 30208. Calculate the remainder when 2373 is divided by i.
93
Let p be -7 + 6 - (-7 + 2). What is the remainder when (-6*(-1143)/135)/(p/10) is divided by 66?
61
Suppose -33 = 5*n + c, -5*n - 24 = -3*n + 4*c. Let v be 2/n*-3 + 2. Let d(p) = p**2 - 2*p + 5. What is the remainder when 21 is divided by d(v)?
5
Let z be 49/7 + 41 - -7. Let x = z + -49. Calculate the remainder when 11 is divided by x.
5
Let s = 4851 + -4841. Calculate the remainder when 566 is divided by s.
6
Suppose 0 = -50*i + 5087 + 1013. What is the remainder when i is divided by 62?
60
Calculate the remainder when 35831 is divided by (-242)/(-10) + (-479)/2395.
23
Let b be ((-10)/(-15))/(1/(-6)). Let l be (0 + b/(-3))*3. Let h = l - -45. What is the remainder when h is divided by 18?
13
Let u be 500/3 + (-8)/12. Let x be u/5 + (-4)/(-5). Suppose 70 = 3*k + 4*h, 0*k - x = -3*k + 5*h. Calculate the remainder when 123 is divided by k.
15
Suppose -o + 2*i + 81 = 0, 6*o - 3*o - 261 = -3*i. Suppose 47 = 4*r - z, 4*r + r + 4*z - o = 0. What is the remainder when 77 is divided by r?
12
Suppose 147*p - 145*p - 162 = 0. Calculate the remainder when p is divided by 17.
13
Let y = 250 - 781. Let n = y - -550. Calculate the remainder when 41 is divided by n.
3
Let r = 10374 + -10261. Calculate the remainder when 242 is divided by r.
16
Suppose -4*s = -s - 6. Suppose 4*m - 3*y = 0, s*y = 3*m + 6*y. Suppose 4*q - 331 + 39 = m. Calculate the remainder when q is divided by 25.
23
Let l(n) = -n**3 - 11*n**2 - 16*n - 14. What is the remainder when l(-10) is divided by 4 + 230/(-60) - (-4 - (-284)/(-24))?
14
Let t = 25261 - 25221. Calculate the remainder when 1034 is divided by t.
34
Let c(x) = -x**3 - 19*x**2 - 3*x + 461. Calculate the remainder when c(0) is divided by 596/9 + 4/(-18).
65
Calculate the remainder when 1/(1/4*(-18)/(-3501)) is divided by 281.
216
Let w = 133 - 70. Let a = w + -63. Suppose 8*r + 3*r - 143 = a. What is the remainder when 30 is divided by r?
4
Let g be 36/162 + (-32)/(-18). Suppose g*c - l - 39 = 0, -c = -5*l + l - 9. Let o = 1 + 8. Calculate the remainder when c is divided by o.
3
Let w = -18952 + 18992. What is the remainder when 4162 is divided by w?
2
Let i = -32690 + 33388. What is the remainder when i is divided by 688?
10
Suppose -33 = -2*d + 5*u, 3*d - u = 2*d + 18. Let c = 161 - 13. Calculate the remainder when c is divided by d.
15
Suppose -22*i - 21 + 222 + 481 = 0. Calculate the remainder when i is divided by (9/2)/(6/8).
1
Let j = -3 + 25. Let p = 32 - j. Suppose 16 = p*d - 8*d. What is the remainder when 23 is divided by d?
7
Let n = 111 - 246. What is the remainder when 31 is divided by -2*(6 + n/10)?
1
Let g(p) = -103*p**2 - 5460*p - 48. What is the remainder when 54 is divided by g(-53)?
4
Suppose 0 = -0*f + f - 142. Let d = 5 - 1. Suppose -d = 2*q + 6, f = 4*p - 2*q. Calculate the remainder when 97 is divided by p.
31
Let j = 42 - 67. Let y = 25 + j. Suppose y = -v + 18 + 8. Calculate the remainder when 48 is divided by v.
22
Let j = -28956 + 29096. What is the remainder when 571 is divided by j?
11
Suppose -2*d - 3*q = -140, -18*q = -3*d - 19*q + 203. Calculate the remainder when 237 is divided by d.
36
What is the remainder when 2304/5 + (-5)/(-25) is divided by 41?
10
Let o = 1 - -1. Let h be (-11621)/11 - 102/187. Calculate the remainder when 2/7 - 3926/h is divided by o.
0
Suppose 2*h = -h + 306. Suppose 117 = 2*x + 5*f, 4*x - 27*f + 24*f - 117 = 0. Calculate the remainder when h is divided by x.
30
Suppose 5*u + 5*z - 43 - 47 = 0, -4*u - z + 81 = 0. Suppose -2*l = -4*i - 164, 0 = -5*l + 2*i + 199 + 187. What is the remainder when l is divided by u?
13
Let f(w) = 104*w**3 + 5*w**2 - 5*w + 5. Let b(i) = -69*i**3 - 3*i**2 + 3*i - 3. Let m(j) = -8*b(j) - 5*f(j). What is the remainder when 89 is divided by m(1)?
27
Suppose 839274 = 58*a + 149132. What is the remainder when a is divided by 20?
19
Suppose 19*z = -9*z + 394 + 4338. Calculate the remainder when 4223 is divided by z.
167
Let m be ((-4)/(-6) + 0)/((-1)/(-339)). Suppose -6*r + 284 + m = 0. Calculate the remainder when r is divided by 22.
19
Suppose -309 + 1013 = -44*k. What is the remainder when 81 is divided by k/4*90/(-20)?
9
Let s(k) = 20*k**2 - 31*k - 17. What is the remainder when s(4) is divided by 60?
59
Let g(o) = 88*o + 1999. Calculate the remainder when g(-1) is divided by 67.
35
Suppose -5*v = -2810 - 985. Let u = -367730 + 367770. Calculate the remainder when v is divided by u.
39
Suppose g + 20 = 3*u + 38, 2*g - 34 = 4*u. Calculate the remainder when 398 is divided by g.
8
Let f(r) = r**2 - 7*r + 25. Let b be f(-15). Suppose 32*n = 27*n + b. Calculate the remainder when n is divided by 25.
21
Let l = -11486 + 11830. Calculate the remainder when 1161 is divided by l.
129
Let h = -5543 + 5552. Calculate the remainder when 55 is divided by h.
1
Let w = 39 + -19. Suppose -2*k = -6*k - 8, 2*k + 1024 = 5*b. Suppose w*i - b = 18*i. What is the remainder when i is divided by 15?
12
Suppose -3*f - 2*u + 1208 = 0, 1212 = 3*f + 4*u - u. Suppose -h - f = -11*h. Calculate the remainder when h is divided by 9.
4
Suppose 4*x = -11*l + 118, 5*x - l - 20 = 3*x. Calculate the remainder when 269 is divided by x.
9
Suppose 447 = -5*z - 4*u, -3*z + 0*u = -3*u + 252. Let b = -44 - z. Suppose -750 = -5*k - 110. What is the remainder when k is divided by b?
42
Calculate the remainder when (-6 - (-3686)/8) + (-9)/12 is divided by 142.
28
Let o(g) = -g**2 + 16*g - 25. Let i(s) = s**2 + 23*s - 28. What is the remainder when o(8) is divided by i(-25)?
17
Let z be 17 + -15 + -1 + 4. Suppose 58 = z*k + 3*n, 2*k - 36 = n + n. Calculate the remainder when 40 is divided by k.
12
Suppose -a + 30 = 2*a. Let n = -5 + a. Let y = -3878 - -3890. Calculate the remainder when y is divided by n.
2
Let q = -16 + 37. Let n = 493 + -487. Calculate the remainder when q is divided by n.
3
Let b(m) = -m**2 - 2*m + 9. Let d be b(-4). Let g(t) = 62*t + 5. Suppose 5*o = 3*o + 34. What is the remainder when g(d) is divided by o?
16
Let v(j) = 4*j + 1. Let k be v(2). Let t = -2 + k. What is the remainder when t is divided by ((-335)/85 - (-15)/(-255))*1/(-2)?
1
Suppose 4*v = -2*h + 8*v + 272, -h - 2*v = -144. Suppose 0 = -4*p - 61 + 209. Calculate the remainder when h is divided by p.
29
Let g = -196 - -202. Suppose g*s = -4*s + 60. What is the remainder when s is divided by 3?
0
Let l = -20 + 22. Suppose -4*m + 7*c = 4*c - 153, l*m - 4*c - 84 = 0. Suppose -j - 16 = -3*j - s, 3*s = 3*j - 42. What is the remainder when m is divided by j?
6
Suppose 89 = -7*v + 159. What is the remainder when (v - 3 - 7) + (-1 - -180) is divided by 60?
59
Let j(o) = -7*o**3 - 11*o**2 - 15*o - 5. What is the remainder when 224 is divided by j(-3)?
94
Suppose -4*k = r - 197 - 174, k - 101 = -3*r. What is the remainder when 1839 is divided by k?
91
Let g(j) be the third derivative of 7/30*j**5 + 0 + 5/24*j**4 + 1/120*j**6 + 0*j - 29/6*j**3 + 8*j**2. Calculate the remainder when g(-13) is divided by 11.
9
What is the remainder when 589 is divided by (5 - 95)/(12/(-16))?
109
Let p(v) = 37*v**2 - 5 + 35*v**2 - 105*v**2 + 37*v**2 + 2. Let d = -6 - -3. What is the remainder when p(d) is divided by